t is the units digit of p(15)?
9
Suppose 4*x = 7*x + 48. What is the units digit of 904/x*(-3 + 1)?
3
Let n = 132 - 127. What is the units digit of 1 - (-5)/(n/271)?
2
Suppose -13*d - 6399 = -30748. What is the hundreds digit of d?
8
Let a = 0 - -5. Suppose 4*n + a*u - 19 = 0, 4*n - u + 0 = 1. Suppose 2*t - n = 3*j + 24, -25 = -t + 4*j. What is the units digit of t?
5
Let d(y) be the first derivative of -4*y**3/3 + 3*y**2/2 + 2*y + 4. Let z be d(-2). Let o = -2 - z. What is the units digit of o?
8
Let l = -8 - 0. Let x be (-3)/18*l*3. What is the units digit of (-26)/x*10/(-5)?
3
Let v = -20 - -761. What is the tens digit of v?
4
Suppose 0 = v - 0 + 1. Let o be ((-1)/v)/((-2)/(-16)). Let a = -2 + o. What is the units digit of a?
6
Let y = 14 - 4. Suppose -q - 7 = -y. What is the units digit of q?
3
Let u(y) = -y**3 + 7*y**2 + 8*y - 9. Let g(z) = 4*z - 20. Let s be g(6). What is the tens digit of u(s)?
7
Suppose 0 = 4*j + 3*y + 27, 3*y - 9 + 21 = j. What is the units digit of (j/6)/((-2)/316)?
9
Let u(c) = 5*c**2 + 7*c - 2. What is the tens digit of u(-4)?
5
Suppose -5*q - 5*y - 3524 + 11119 = 0, 3066 = 2*q - 5*y. What is the units digit of q?
3
Let t = 13 - 8. Suppose -t*g + 47 = 157. What is the tens digit of 916/44 - 4/g?
2
What is the units digit of (-6045)/(-10) + (-6)/4?
3
Suppose -5*z + 4*k = 481 + 316, -3*k - 776 = 5*z. Let n = 242 + z. What is the tens digit of n?
8
Suppose 3*w - 3*m = 9, m = -3*w + 2*m + 3. Suppose 4*t + t - 765 = w. What is the units digit of t?
3
What is the units digit of 93500/77 - (-4)/(-14)?
4
Let s be (-8)/((8/6)/2). Suppose a = -14*m + 17*m + 41, m + a + 19 = 0. What is the units digit of m/(-10) + s/(-8)?
3
Let m(t) = 7*t**3 - 2*t**2 + 2 + 5*t - 3*t**2 - 3*t + 2*t**2. Let r be m(2). Suppose 14 = 4*q - r. What is the tens digit of q?
1
Suppose 7*u - 2*u - 30 = 0. Suppose -11*v + 915 = -u*v. What is the hundreds digit of v?
1
Let v(t) = -5*t**2 + 8*t - 8. Let s(a) = a**2 + a - 1. Let y(d) = 4*s(d) + v(d). Let j be y(10). What is the units digit of j/(-4) + 5/1?
3
Let w = -10 - -9. Let i be -14*(w + (-2)/(-14)). What is the tens digit of (24/9 - 0)*i?
3
Suppose -4*l - 2*f = 2*f, 18 = 2*l - 4*f. Suppose 0*p + l*g + 316 = 4*p, -364 = -5*p - 4*g. What is the units digit of p?
6
Suppose 3*x - 5 = -2, 4*s - 3*x + 11 = 0. What is the units digit of 3/s + (-1)/(2/(-9))?
3
Let g be ((-6)/(-5))/(2*6/(-60)). What is the units digit of (-318)/g + 3 + -3?
3
Let i be (-4 + 5)/((-2)/(-6)). Suppose -4*k = i - 15. What is the units digit of 3 + 54 + (2 - k)?
6
Suppose -t - 48 = -6*u + 3*u, 3*t + 119 = 4*u. Let p = t + 63. Suppose -p = -4*v + 2*v - 2*f, -v + f = -7. What is the units digit of v?
1
Let c = -22 + 19. What is the tens digit of (c/(-3))/(-1) + 16?
1
Let y be 4 + (-196 + -5 - 1). What is the units digit of (-2 + (-3 - y)*-1)/(-1)?
7
Let w be ((-4)/2 + -4)/(-1). Suppose -9*a + w*a + 159 = 0. What is the units digit of a?
3
Let j(n) = 17*n + 3. Let q be j(-1). Let k(s) = -3*s + 44. What is the tens digit of k(q)?
8
Suppose -4*p + 4*y = 0, 0*y - y + 9 = 2*p. Suppose -5*b - x + 10 = 0, -b - p*b + x = -8. Suppose -b*s = s - 96. What is the tens digit of s?
3
Let b(x) = -2*x**3 + x**3 + 5*x + 5*x**2 + 2*x - 5. Let g = 132 - 126. What is the units digit of b(g)?
1
Let i(n) = -n + 5. Let d be i(0). Suppose v - 2*p + 4*p - 2 = 0, 0 = -4*v + 5*p - d. Suppose v = -5*y + 4*y + 28. What is the units digit of y?
8
Suppose 0 = 14*l - 16*l + 1460. What is the tens digit of l?
3
What is the units digit of 2290/(-210) + 11 - (-37712)/42?
8
Suppose -6*v = -592 + 166. What is the units digit of v?
1
Suppose 14 + 1 = 5*m. Suppose -2*u + 7 + 5 = 0. Suppose -r + 62 = q, m*r = u*q - q + 146. What is the units digit of r?
7
Let h(n) be the first derivative of 5*n**2/2 - 27*n + 10. What is the units digit of h(12)?
3
Let d be (-24)/15 + (-10)/25. Let n be 36 + d/(8/(-12)). Suppose -22*l + 19*l + n = 0. What is the units digit of l?
3
Let v(f) = -4*f**2 + 3*f**2 - 12*f + 0*f**2 + 14*f + 70. What is the tens digit of v(0)?
7
Let s(d) = -4*d + 4*d**2 - 2*d - 4 + 2*d. Suppose 0 = -4*m - 0 + 12. What is the tens digit of s(m)?
2
Suppose 3*t - t + 5*g = 472, t - 4*g = 262. Suppose -3*m - u = -4*u + t, -2*m - u = 164. What is the units digit of 2/(-10) - m/10?
8
Suppose 2*t - p - 610 = 3*p, 2*p = -t + 317. Suppose 321 = 2*i + 3*u, -t = -2*i - 9*u + 4*u. What is the units digit of i?
8
What is the units digit of ((-16)/(-64))/((-1)/18)*-90?
5
Let q = -1578 + 2903. What is the hundreds digit of q?
3
Let q(r) = -110*r - 71. What is the hundreds digit of q(-7)?
6
Suppose -2*t = -3*z + 5*z - 332, -167 = -z - 2*t. What is the tens digit of z?
6
Suppose 0*q = 3*q + 9, -16 = 2*r - 4*q. Let c = -24 - r. What is the units digit of 4/6*(-285)/c?
9
Let p = -18 + 20. Suppose -3*c - 6 = g - 2, p*c = -g - 3. What is the tens digit of -1 + c - (-40 + 1)?
3
Let o = 1160 + -741. Suppose -3*x - a = x - 558, -3*x - a = -o. What is the hundreds digit of x?
1
Let k be 325/26 + 2/(-4)*3. Suppose k*s - 2330 = s. What is the units digit of s?
3
What is the units digit of (-1718)/8*6*(-832)/624?
8
Let h(w) = 3*w**2 - w + 4. Suppose -5*z - 5*u = -45, 0 = -4*z - z + 2*u + 52. Suppose -6*p = -z*p - 12. What is the units digit of h(p)?
4
Let s = -20 + 20. Let h be 25/10*(2 + s). Suppose h*v + 60 - 280 = 0. What is the units digit of v?
4
Let w = 37 + -21. Let n be ((-21)/(-12))/(2/w). Suppose -5*z = -n - 116. What is the units digit of z?
6
Suppose -8 - 2 = 5*t + 2*x, 3*x = -t - 15. Suppose d - 2*d - 2 = t. What is the units digit of 1 - 0/(0 - d)?
1
Suppose 5*o - v - 23748 = 0, 20*o - 2*v = 17*o + 14246. What is the thousands digit of o?
4
Suppose -30*l = -30663 - 7827. What is the hundreds digit of l?
2
Let v = 443 + -740. Let r be (v/(-22))/(2/(-4)). Let d = 23 - r. What is the tens digit of d?
5
Let l be (-2)/(-1*3/24). Let y be 2/3*168/l. Let i(o) = 4*o - 16. What is the units digit of i(y)?
2
Let k(m) = -m**3 + 8*m**2 + 10*m - 9. Let p be k(8). Let f = -31 + p. Suppose -f = -4*v + 2*v. What is the units digit of v?
0
Suppose -i + 3*c = -10 - 59, 12 = -4*c. Suppose -i = -s + 20. What is the units digit of s?
0
Let s(b) be the third derivative of -5/6*b**3 - 5*b**2 + 0*b + 1/10*b**5 + 1/24*b**4 - 1/120*b**6 + 0. What is the units digit of s(6)?
1
Let c = -53 + 57. Suppose c*g - 5*s + 49 - 284 = 0, 0 = 2*g - 5*s - 115. What is the tens digit of g?
6
Let d(q) = 85*q - 61. What is the units digit of d(9)?
4
Suppose -b + z - 4*z = -4896, 20 = -4*z. What is the hundreds digit of b?
9
Suppose -59 = -5*t + 121. What is the units digit of t?
6
Suppose 0 = 2*q - 8*t + 4*t + 170, -4*q + 2*t = 322. Let l = -15 - q. Suppose 4*y = 6*y - l. What is the tens digit of y?
3
Suppose 0 = -3*r - 0*r + 54. Let y = -21 + r. What is the tens digit of -5*-8*y/(-6)?
2
Let y(j) = -2*j**3 - 2*j**2 + j + 119. Let t(h) = h**2 - 16. Let w be t(4). What is the hundreds digit of y(w)?
1
Let r(v) = -v**3 + 7*v**2 + 7*v + 6. Let l be r(7). Let j = 14 + -10. Suppose -j*d + 171 - l = 0. What is the units digit of d?
9
Let t be 6*2*3/(-6). Let z be (24/(-9))/(-4)*t. What is the tens digit of (-11)/44 - 133/z?
3
Let n = 2785 - 1489. What is the thousands digit of n?
1
Suppose 2*f = 16*f - 1778. What is the units digit of f?
7
Let p(a) = 3*a**3 + 11*a**2 - 59*a + 21. What is the thousands digit of p(7)?
1
Suppose 23 = -4*n - 3*f, 4*f = -n - 7 - 2. What is the units digit of 0 + 2 - 16*n?
2
Suppose 4*j - 1 = -1. Suppose -h - 2*b + 248 = j, 5*h - 1378 = 2*b - 90. What is the tens digit of h?
5
Suppose -5*f + 4*r + 1825 = -1988, 5*f + 5*r = 3840. What is the tens digit of f?
6
Let m be (3 - (-7)/(-3))*-9. Let h be m/(-9) + (-485)/(-15). Suppose -5*q + 5*w + 122 - 32 = 0, -2*q + h = w. What is the units digit of q?
7
Let k(d) = -d**3 + 9*d**2 - 8*d + 20. What is the units digit of k(-7)?
0
Let y be (84/(-3))/(-4) - 4. Suppose -y*z + 4 = z. Suppose -z + 41 = 2*m. What is the tens digit of m?
2
Suppose i + 2*i - 702 = 2*h, 5*i - 1195 = -5*h. Suppose i = 21*c - 17*c. What is the units digit of c?
9
Let y = 14468 + -9135. What is the units digit of y?
3
Suppose 3*q - k = 3*k + 3277, -k = -2. What is the hundreds digit of q?
0
Suppose 20 = 4*j, -4*m - 3*j + 4 = -19. Suppose p = 6 - 1. Suppose 2*y - 55 = -p*b, -4*b + 